41. Let a = g - -2. What is the units digit of a?
7
Let x(h) = h + 4. Let r be x(-1). Suppose 0 = -r*s - 5*i - 10, 5*i - 30 = 4*s + s. What is the units digit of (-53)/s - (-24)/60?
1
Let h(r) = 27*r**2 + 103*r - 4. Let n be h(-5). Suppose 2*v - 756 = n. What is the hundreds digit of v?
4
Let c = -80160 - -119120. What is the ten thousands digit of c?
3
Let v = -433 + 437. Suppose i - 4*a - 1197 = -284, -v*i + 3598 = 2*a. What is the hundreds digit of i?
9
Suppose -244 = -2*w + 6*w. Let v = w - -66. Suppose 0 = 4*g - 3*g + 3*s - 128, v*g - 604 = 3*s. What is the tens digit of g?
2
Suppose 0 = 23*p + 23624 + 342. Let x = -194 - p. What is the units digit of x?
8
What is the units digit of (-1106)/158 + (5600 - -1)?
4
What is the units digit of 1/4 - ((-12384500)/(-80))/(-47)?
4
Let x = -98 + 104. Let q(z) be the first derivative of 11*z**2/2 + 8*z - 8. What is the units digit of q(x)?
4
Suppose 6*c = 18*c + 36. What is the units digit of (6 + c)*(-411)/(-9)?
7
Suppose 234*d + 5918274 = 14789916. What is the units digit of d?
3
Suppose -1134003 = 160*s - 2974323. What is the tens digit of s?
0
Let n(l) = l**2 - l - 3. Let h = 36 + -29. Suppose -j - 11 = 4*o, -4*o + h*j - 36 = 3*j. What is the tens digit of n(o)?
1
Let g(i) = -68*i**3 - 8*i**2 + 17*i + 24. What is the thousands digit of g(-7)?
2
Suppose -4*w + 18 + 2 = 0. Suppose -w*o - 4*k = 310, -182 = 4*o + 5*k + 66. Let l = 137 + o. What is the units digit of l?
5
What is the hundreds digit of (-438)/(-4161) - (1 + 92300/(-19)) - -2?
8
Let p be (-4422)/(-77) + (-8)/(-14). Let x = p - -6. Suppose -w = -x - 214. What is the hundreds digit of w?
2
Let w = 26 + 48. Suppose -c + v = 6*v - 32, -2*c = 5*v - w. What is the tens digit of c?
4
Suppose 3*a + 166 = 34. Let u = 112 - a. What is the hundreds digit of u?
1
Let n(a) = 443*a + 5*a**2 - 9 - 405*a + 2*a**2. What is the units digit of n(8)?
3
Let g be (-5 - 7)*3*(-2)/18. Suppose -3*c = 2*k - 939, g*c - 5*k = -28 + 1280. What is the units digit of c?
3
Suppose 0 = 4*m + 20, -4*m - 5 = -6*f + 5*f. What is the units digit of ((-290)/f)/((-2)/(-81))?
3
Let a(z) = 3*z**2 - z + 7. Let k(n) = n - 12. Let l be k(9). Let g be a(l). Let p = -15 + g. What is the units digit of p?
2
Suppose 19*j - 16*j - 23145 = 0. Suppose 0 = 5*m + 3*a - 7715, -17*m + 5*a = -22*m + j. What is the hundreds digit of m?
5
Suppose -59*k + 119992 = -6*k. What is the thousands digit of k?
2
Let o be 0 - (3 - (21 + (-2 - -4))). Let b be ((-84)/o + 3)*5/2. What is the tens digit of (-364)/12*b - -4?
9
Let p be (-3)/(-2)*(-92)/(-1). Let f be (-3)/12 - 809/(-4). Let i = f - p. What is the tens digit of i?
6
Let g = -12116 - -23277. What is the thousands digit of g?
1
Suppose 11*v - 28 = -3*v. Let p be (1160/v - -1) + -43 + 41. What is the tens digit of p/4 + (-4)/(-16)?
4
Suppose 4*i = 5*y + 25, 2*i + 3 = -y - 2. Suppose z - 675 + 239 = i. What is the tens digit of z?
3
What is the ten thousands digit of (-11280)/(-45)*(-156)/8*-3?
1
What is the units digit of 9 - -2*(7 + 374110/20)?
4
Let c = -1429 - -644. Let w = 1117 + c. What is the hundreds digit of w?
3
Suppose -2*o - 2*i - 3*i = -15931, -3*o + i = -23905. Suppose -26*w = -32*w + o. What is the tens digit of w?
2
What is the tens digit of -7*((-8)/(256/(-72)) + (-13538)/8)?
3
Let d = 13096 + -8344. What is the thousands digit of d?
4
Let c(u) = -24*u - 93. Let q be c(25). Let f = -67 - q. What is the tens digit of f?
2
Suppose -18 = -2*p - 4*p. Suppose -7 = -4*t - w, -p*t + 0 + 4 = 2*w. What is the tens digit of 226 + t - (-12 + 7)?
3
Let w = -133 - -107. What is the tens digit of w/(-78) + (-3)/((-18)/3100)?
1
Suppose -3*w + 118883 = -5*g, -22*g = 2*w - 18*g - 79270. What is the hundreds digit of w?
6
Let z(f) = -f**2 + 9*f + 1. Suppose 4*a - 5*k = 2 + 19, 4*a - 3*k = 27. Let y be z(a). Let n(s) = 216*s**3 + 2*s**2 - 1. What is the tens digit of n(y)?
1
Let q(t) = t**3 + 18*t**2 + 16*t + 19. Let g be q(-17). Let i(z) = 0*z**2 + 1142*z - z**2 - 1113*z - g. What is the tens digit of i(19)?
5
Let b(n) = 7 - n**2 - 4*n + 525*n**2 - 3 - 14*n**2. What is the units digit of b(1)?
0
Suppose -122*q = -127*q + 2*m + 18929, -4*q + m = -15142. What is the hundreds digit of q?
7
Suppose 6*y = -5*y + 5368. What is the hundreds digit of 1 + (8 - 5) - (1 - y)?
4
Suppose w - 4*m = 30, -7*m = -3*m + 12. Let y = -110 + w. Let f = 181 + y. What is the units digit of f?
9
Let b(k) = 61*k**2 - 6*k - 291. What is the hundreds digit of b(16)?
2
Suppose -3*p + 58148 = 19718. What is the hundreds digit of p?
8
Let i(y) = -75*y**3 - y**2 + 1. Let s be i(-1). Suppose -4*n + 132 = -4*m, -68*m = -2*n - 69*m + 63. Let v = s - n. What is the units digit of v?
3
Let g(i) = 30*i**2 + 11*i + 2. Let l be g(-3). Suppose c = -0*c + l. What is the hundreds digit of c?
2
Let y = 4017 + 600. What is the hundreds digit of y?
6
Let c = -22 + 26. Suppose -2*v + a = -491 - 45, v = c*a + 275. Suppose 5*p = 2*s + v, p = 5*s + 72 - 14. What is the tens digit of p?
5
What is the thousands digit of (-87)/203 - (3792951/(-378) - 2/12)?
0
Let v(x) = 2*x**3 + 23*x**2 - 15*x - 35. Let j be v(-12). What is the units digit of 10180/(-8)*j/((-20)/8)?
9
Suppose -8*f - 32 = -0*f. Let j(q) be the third derivative of -q**6/40 - q**5/12 - q**4/3 + 2*q**3/3 - 3*q**2. What is the tens digit of j(f)?
4
Suppose 0 = -51*w + 106*w - 790240. What is the ten thousands digit of w?
1
Let g be (2 - -16)*8/6. Let h(z) = 2*z - 40. Let q be h(g). Suppose 0 = q*k - 11*k + 27. What is the units digit of k?
9
Let n be 15 - (-5 + 5 + -4). Suppose 18*y + 5 = n*y. Suppose -3*s + 3*c + 46 = -c, -y*s + 135 = 5*c. What is the tens digit of s?
2
Let i = -127 - -212. Let l = -52 + i. What is the hundreds digit of 3405/l - 10/55?
1
Suppose -5*f - 3*i = -3332, -83*i - 694 = -f - 79*i. What is the units digit of f?
0
Let k be ((-16)/(-10) - 1)/((-1)/(-5)). Let d be 1*(k - 5) - -5. Suppose 0*a + d*a - 204 = 0. What is the units digit of a?
8
Let s(f) be the first derivative of 3*f**4/4 - 7*f**3/3 - 2*f**2 + 23*f + 33. What is the units digit of s(6)?
5
Suppose -25809 = -4*i + 2*i + 5*l, 0 = -4*l - 4. What is the units digit of i?
2
Let m be 70*(72/8)/(-18). Suppose 4*b + 11212 = -2*f, 10961 = -5*f - 2*b - 17101. What is the units digit of f/m - 4/10?
0
Let o(m) = -m**3 + 14*m**2 - 11*m - 17. Let f be o(13). Suppose -5*p + f*p = 348. Suppose 0 = -2*n + 7 + p. What is the units digit of n?
7
Let h(y) = y**2 - 17*y - 64. Let k be h(-3). What is the units digit of (184 - k)*35/20?
9
Let d = 20525 - 14171. What is the units digit of d?
4
What is the tens digit of (-16425)/(-6)*(11 - (-1 + 10))?
7
Suppose 23*v = 8740 + 109756. Suppose -12*c = 4*c - v. What is the tens digit of c?
2
Let c(t) = 9849*t**2 - 16*t + 18. What is the tens digit of c(1)?
5
Let z = 70 - 296. Let m = z - -390. What is the tens digit of m?
6
Let s(j) = -j**3 + 5*j**2 + 3*j - 4. Let m be s(-8). Suppose 7*v - 9*v - m = 0. Let h = 625 + v. What is the hundreds digit of h?
2
Let t(o) = -4786*o + 8848. What is the thousands digit of t(-7)?
2
What is the tens digit of 24/84 - (-153319)/7?
0
Suppose 0 = 5*j - a - 8639 - 9886, -5*a = j - 3731. What is the units digit of j?
6
What is the hundreds digit of 1*2684 - (-384)/32?
6
Suppose -18389*w = -18404*w + 25860. What is the thousands digit of w?
1
Let z(p) = p**2 - 14. Let f be z(5). Suppose 23*o = -f*o + 1666. What is the tens digit of o?
4
Suppose 214*p = 3346734 + 2293825 - 564479. What is the units digit of p?
0
Let f = 22 + -18. Suppose 220 - 24 = f*a. Suppose 149 = 2*w - a. What is the tens digit of w?
9
Let c(y) be the first derivative of -2*y**3/3 - 21*y**2/2 - 15*y - 34. Let m be c(-18). Let h = m + 510. What is the tens digit of h?
2
Let g = -403 + 3299. What is the tens digit of g?
9
Suppose 17430 = 16*t - 15701 - 228741. What is the hundreds digit of t?
3
Let t(j) = 2*j + 8. Let k be t(-4). Suppose -x - 2*x + 774 = k. Let m = x - 155. What is the tens digit of m?
0
Suppose -5*j = -10*j - 970. Let g = j - -293. Suppose -24 = 3*i - g. What is the units digit of i?
5
Let z be 304 + (-3 - -1) + 2. Suppose -3*c = -2*a + z, 0 = c + 5*a - 10*a + 123. Let j = c + 222. What is the hundreds digit of j?
1
Suppose 4*b - 4*z = 173204, 926*z + 43274 = b + 922*z. What is the hundreds digit of b?
3
Suppos